e k(2).
9
Let c(t) be the second derivative of 5/6*t**3 + 0 + 3/2*t**2 - t + 1/24*t**4. Let h(k) be the first derivative of c(k). Give h(-5).
0
Let n(w) = w**2 + 6*w - 4. Let h be n(-6). Let m be 3*(-6)/9 + 4. Let f be h - 0/((-2)/m). Let b(r) = -r**3 - 5*r**2 - r + 5. Calculate b(f).
-7
Let x(w) be the first derivative of -w**2 - 7*w + 2. Let a be ((-5)/4)/((-4)/(-16)). Calculate x(a).
3
Let i = 53 - 62. Let r(s) = -s - 5. Give r(i).
4
Let w(o) = -o - 1. Let n(a) = -1. Let t(p) = n(p) + 2*w(p). Give t(-4).
5
Suppose -w + 0*y + 5*y + 18 = 0, 4*y + 22 = -3*w. Let f(o) = -3*o**2 + 2. Let u(z) = 4*z**2 + z - 2. Let d(c) = w*u(c) - 3*f(c). Give d(3).
1
Let j(i) = i + 4. Suppose -3*v + 6 = -0*v. Suppose f = v*f + 2. Give j(f).
2
Let f(b) = -b - 1. Suppose -1 = 36*i - 35*i. Give f(i).
0
Let w(y) = y**3 - 3*y**2 - 2*y - 3. Let q be (-7 + 4)*(6/3)/(-2). What is w(q)?
-9
Let d(a) = 2*a**2 + 4*a + 5. Let o(r) = r**2 + 2*r + 3. Let k(x) = 3*d(x) - 5*o(x). Let m(u) = -u**2 - 5*u - 2. Let p be m(-5). Determine k(p).
0
Let g = 5 - 10. Let b(q) be the third derivative of -q**4/24 - q**3/6 + 7*q**2. Give b(g).
4
Let j = 24 + -14. Suppose -v + j = -6*v. Let f = v - -7. Let q(y) = -y**2 + 6*y - 5. Calculate q(f).
0
Suppose 4*s - 55 = -u, 4*s - 50 = s + u. Suppose s = -4*l - 5. Let b(w) = 3*w + 7. Let a(o) = -2*o - 4. Let f(y) = -5*a(y) - 3*b(y). What is f(l)?
-6
Let j(a) = -4*a - 5. Let u(k) = -2*k - 3. Let c(r) = 4*j(r) - 7*u(r). Let l(f) = 0 - 1 + 4*f - 2*f - f**3. Let z(t) = 3*c(t) + 2*l(t). Determine z(1).
-3
Let x(l) = 2*l - 35. Let h be x(15). Suppose 2*v + 0 = 14. Let f(n) = -3 + v + n + n. Calculate f(h).
-6
Let v = 4 + -2. Let b = v + -3. Let i be (2 + b)/(-2 + 3). Let o(j) = 2*j**2 - 1. Calculate o(i).
1
Let n(r) = r**3 + 3*r**2 - 5*r - 2. Suppose w - 5*p = 33, -w - 4*p = 4*w - 20. Let s be (w - 10)/(1/2). Give n(s).
2
Let t(n) = -6*n**2 + 3*n - 5. Let z(w) = 3*w**2 - w + 2. Let d(o) = -2*t(o) - 5*z(o). Calculate d(-2).
-10
Suppose -5*n + 5 = -0*n. Let g(f) = -3 + 6*f - 3*f - n. Calculate g(3).
5
Let j(h) = 1 + h - h**3 + 7 - 860*h**2 + 853*h**2. Determine j(-7).
1
Let f(u) = u**2 - 4*u + 1. Let v = 2 - -2. Suppose v = -t + 6. Determine f(t).
-3
Let f(l) be the third derivative of -l**4/6 - 5*l**3/6 + 6*l**2. Determine f(-6).
19
Let o be (1/(-3))/(2/(-18)). Suppose 2 = -o*n - 4. Let h(l) = -5*l**2. Let q(k) = k**2. Let a(x) = h(x) + 4*q(x). Determine a(n).
-4
Let k(v) = v**3 - 9*v**2 - v + 4. Let h be k(9). Let o(z) be the first derivative of -1 - 3*z**2 - 1/3*z**3 + z. What is o(h)?
6
Suppose 41 - 21 = 4*k. Let f(b) = -b + 11. Calculate f(k).
6
Let w(p) = -p + 2. Let i(s) = 0 + s + s - 2. Let g(v) = 4*i(v) + 3*w(v). Calculate g(-2).
-12
Let y(u) = u**3 - 3*u**2 - 3*u + 3. Suppose 4*f - 2*x = 16, 2*f = 5*x - x + 14. Calculate y(f).
-6
Suppose -3*b + 0*b + 7 = g, -3*g = 6. Suppose -b*h + 6 = -6*h. Let p(z) be the second derivative of z**5/20 + z**4/6 - z**3/6 + 2*z. Determine p(h).
2
Let b be 2/(0 - (1 + 0)). Let c be (b + 1)*1*10. Let w = c - -14. Let d(x) = x**2 - 4*x + 1. Determine d(w).
1
Let n = -61 + 31. Let p be (-249)/(-27) - 4/18. Let r be n/(-40) - p/(-4). Let a(d) = -2*d + 3. What is a(r)?
-3
Let g be (-2)/10 + (-2)/(-10). Let f(u) = u**2 + 2 - 1 + g*u**2. Let t = -35 + 36. Determine f(t).
2
Let c be (1*2)/((-6)/(-9)). Let t(y) = 2*y + 7 - c*y - 2. Calculate t(4).
1
Let x(l) = 2*l**2 + 18*l**3 - 34*l**3 - 1 + 0*l**2 - l**2. Calculate x(-1).
16
Let v(z) be the second derivative of 6*z**5/5 - z**4/6 - z**3/3 - z**2/2 + 65*z. Give v(-1).
-25
Let b(i) = 5*i + 2. Let a(x) = 1 - 14*x + 7 - 15. Suppose -2*p + r = 37, -p = 3*r - 2*r + 14. Let m(d) = p*b(d) - 6*a(d). Calculate m(0).
8
Let z(i) be the third derivative of -i**6/720 + i**5/30 + i**4/24 + 7*i**2. Let f(u) be the second derivative of z(u). What is f(4)?
0
Suppose 3*p = 6*p + 3. Let a(m) = -7*m**2. What is a(p)?
-7
Let s = -4 + 1. Let h(l) = l**2 + 0*l**2 + 0*l + 2*l. What is h(s)?
3
Suppose 0 = 3*t - 8 + 2. Let h(z) = -3 + t + 0 + z. Give h(6).
5
Let n(g) be the first derivative of -g**3/6 + g**2/2 + 10*g - 7. Let o(l) be the first derivative of n(l). Calculate o(-6).
7
Let v(r) = r**2 - 3*r - 1. Suppose 6*j - 2*j - 24 = 0. Suppose -5*s = -x - 15, -j*x + s + 21 = -x. Determine v(x).
9
Let s be (-2)/7 - 2/(-7). Let l(y) = -y + 2 + s*y - y**2 - 13*y**3 + 12*y**3. Suppose 5*x + c = -3*c, 5*x + 2*c = 0. What is l(x)?
2
Let d(o) be the first derivative of o**2/2 - 4*o - 2. Let b be d(4). Suppose y = 0, -3*y = z - b*y - 3. Let r(i) = i**3 - 3*i**2 + 1. Give r(z).
1
Let o(h) = -2*h + 9. Let x be o(6). Let w be 3/9*3 - x. Let r = w - 9. Let l(g) = -g**2 - 5*g + 5. What is l(r)?
5
Let q(c) = c**3 - 4*c**2 + 2*c - 2. Suppose 5*s - 3 = 3*x, 4*s - 9 = x - 1. Determine q(x).
6
Let j(g) = 3*g**2 - 12*g + 13. Let i(z) = 7*z**2 - 25*z + 27. Let p(w) = 2*i(w) - 5*j(w). Let q be p(8). Let t(c) = -7*c - c**2 + 6 - 3 + 2 + 13*c. Give t(q).
10
Let i(j) = j - 1. Let l(u) = -u + 1. Let x(p) = 4*i(p) + 3*l(p). Let m = -13 - -15. Determine x(m).
1
Let j(m) be the first derivative of -7/2*m**2 - 5*m - 7/3*m**3 - 1/4*m**4 + 4. Suppose -3*p - 20 = 2*s, -5*p - 4*s - 1 = 33. Calculate j(p).
1
Let s(m) = -m + 8. Let t be (36/24)/((-3)/(-32)). Let h = t - 10. What is s(h)?
2
Let t(s) be the second derivative of 7*s**4/4 - s**2/2 + s - 6. Give t(-1).
20
Suppose 8*n - 3*n = 15. Suppose 5*f + 5 = -4*l - 22, -n = l. Let i(b) = 6*b**2 - 2 + b + 3*b**2 - 8*b**2. Give i(f).
4
Suppose -7 = 3*x - 28. Let d(z) = -z + 10. Calculate d(x).
3
Let k(a) = -a + 4. Let w(z) = 6*z**2. Suppose 1 = -2*j + 3. Let c be w(j). What is k(c)?
-2
Suppose -4*a + 5*n + 31 = -10, -2*n = -a + 11. Suppose -3*r - 2*b = a, b - 38 = 5*r - 10. Let j(p) = -4 + p + 2 + 0*p. Determine j(r).
-7
Let q(c) = c + 4. Let i be q(0). Let t(x) = -x + 2. Let m be t(-2). Let b(l) = -m*l - 2*l + 2*l + 3*l - 1. What is b(i)?
-5
Suppose 8 = -7*p - 13. Let c = -4 - -6. Let q(z) = -c - 2 + 1 - z. Determine q(p).
0
Let u(w) = -5*w - 1. Let j be 9 + -7 + 1*(3 + -4). What is u(j)?
-6
Let v(l) = l + 3 + 10 - 17 + 5. Give v(-2).
-1
Suppose 3 = r - 0. Let w(x) be the first derivative of -1/3*x**r - 1/2*x**2 - 2*x - 2 - 1/4*x**4. Calculate w(0).
-2
Let k(n) = -5*n - 14. Let z(g) = 9*g + 27. Let y(p) = -7*k(p) - 4*z(p). Give y(0).
-10
Let v(a) = -a**3 - 5*a**2 + a + 3. Let t be v(-5). Let y(c) be the second derivative of c**4/12 + c**3/2 + c**2/2 + 16*c. Calculate y(t).
-1
Let x(u) = -u. Let q(t) = 3. Let y(k) = -q(k) - x(k). Give y(5).
2
Let p be (-4)/(-6) + (-22)/(-3). Let k = p + -1. Let d(v) = 0 + 0 + k - 4 - v. What is d(4)?
-1
Let l(g) = g. Let w(h) = -h. Let o be w(3). Let n be l(o). Let q(x) be the second derivative of -x**4/12 - x**3/3 - 3*x. Determine q(n).
-3
Let r(m) = m - 6. Let o be -1 - (-1 + -2 + -1). Suppose -o*l + 27 = y, -3*y + 0*y + 9 = 0. Determine r(l).
2
Suppose 0 = h + 2*y, -3 = 2*h + y - 6. Let u(z) = 0*z + 9*z**h - 2 + 1 - z. Give u(-1).
9
Suppose 3*s = -0 + 9. Suppose 0 = -3*o - 5*y - 14, -s*y = 2*o - 0*o + 9. Let g(n) = n**2 + 4*n - 1. Calculate g(o).
-4
Suppose 2 = -4*s + i + 3, 0 = -s + i - 2. Let z(m) be the first derivative of -5*m**2/2 - m - 1. Give z(s).
-6
Suppose 2*v = -17 + 13. Let h be v/(-8) - 3/12. Let p(o) = o**3. Determine p(h).
0
Let z(g) = 6*g + 6. Let m be z(-3). Let k = m - -7. Let t(b) = b + 1. What is t(k)?
-4
Let v = -7 + 4. Suppose 4 = 3*a - a. Let z(t) = 4*t**2 - 3 - t - t**2 - 3*t**2 + t**a. Determine z(v).
9
Let q(k) = 9*k - 3*k + 2 - k**2 + 0. What is q(5)?
7
Let k(g) be the first derivative of g**2/2 + 5*g - 2. Let l be k(0). Let r(t) = 3 - t - 1 + l. Calculate r(5).
2
Let h be (-2)/((-5)/(50/4)). Suppose -5*s = -0*x + 3*x - 22, -h*s + x = -6. Let u(y) = -s*y - 2 + y**2 + 0*y + y. Give u(-2).
4
Suppose 5*p - 10 - 10 = 0. Let u(j) = -4 - 5*j + 1 + p*j + 2*j. Give u(3).
0
Suppose 4*c - 16 + 0 = 0. Let w(z) = -2*z**2 + 7*z - 5. Give w(c).
-9
Let k(o) = 17*o - 11. Let w(f) = -8*f + 5. Let x(c) = -4*k(c) - 9*w(c). Suppose 2*i + i = -3. Give x(i).
-5
Let m(w) = -w**2 - 6*w - 3. Let u be (-15)/(-20) + 6/(-8). Let q be 15/(-5) + u + -2. Give m(q).
2
Let l = 2 + 0. Suppose r + r - 2*f = 6, -4*r + l*f = -12. Suppose -r*o - 2 = -4*o, -5*t - o = 3. Let v(k) = -11*k**3 - k. What is v(t)?
12
Let q(f) = -5*f**3 + 2*f - 4. Let z(i) = 8*i**